{"id":16,"date":"2018-06-01T04:15:15","date_gmt":"2018-06-01T02:15:15","guid":{"rendered":"http:\/\/aspeam.fr\/?page_id=16"},"modified":"2023-11-09T19:43:48","modified_gmt":"2023-11-09T18:43:48","slug":"adhesion","status":"publish","type":"page","link":"https:\/\/aspeam.fr\/index.php\/adhesion\/","title":{"rendered":"Adh\u00e9rer"},"content":{"rendered":"\t\t<div data-elementor-type=\"wp-post\" data-elementor-id=\"16\" class=\"elementor elementor-16\">\n\t\t\t\t\t\t\t\t\t<section class=\"elementor-section elementor-top-section elementor-element elementor-element-2298ecda elementor-section-boxed elementor-section-height-default elementor-section-height-default\" data-id=\"2298ecda\" data-element_type=\"section\">\n\t\t\t\t\t\t<div class=\"elementor-container elementor-column-gap-default\">\n\t\t\t\t\t<div class=\"elementor-column elementor-col-100 elementor-top-column elementor-element elementor-element-7583e107\" data-id=\"7583e107\" data-element_type=\"column\">\n\t\t\t<div class=\"elementor-widget-wrap elementor-element-populated\">\n\t\t\t\t\t\t\t\t<div class=\"elementor-element elementor-element-46ae4146 elementor-widget elementor-widget-text-editor\" data-id=\"46ae4146\" data-element_type=\"widget\" data-widget_type=\"text-editor.default\">\n\t\t\t\t<div class=\"elementor-widget-container\">\n\t\t\t\t\t\t\t<p>Pour adh\u00e9rer \u00e0 l&rsquo;ASPEAM, rien de plus simple.<\/p><p>Il vous suffit de remplir notre\u00a0<a href=\"https:\/\/aspeam.fr\/index.php\/2023\/11\/09\/bulletin-dadhesion\/\">bulletin d&rsquo;adh\u00e9sion<\/a> et de nous adresser, par courrier \u00e0 l&rsquo;adresse de notre si\u00e8ge social, un ch\u00e8que bancaire de 20,00 \u20ac correspondant \u00e0 la cotisation de l&rsquo;ann\u00e9e en cours.<\/p>\t\t\t\t\t\t<\/div>\n\t\t\t\t<\/div>\n\t\t\t\t\t<\/div>\n\t\t<\/div>\n\t\t\t\t\t\t\t<\/div>\n\t\t<\/section>\n\t\t\t\t\t\t\t<\/div>\n\t\t","protected":false},"excerpt":{"rendered":"<p>Pour adh\u00e9rer \u00e0 l&rsquo;ASPEAM, rien de plus simple. Il vous suffit de remplir notre\u00a0bulletin d&rsquo;adh\u00e9sion et de nous adresser, par courrier \u00e0 l&rsquo;adresse de notre si\u00e8ge social, un ch\u00e8que bancaire de 20,00 \u20ac correspondant \u00e0 la cotisation de l&rsquo;ann\u00e9e en cours.<\/p>\n","protected":false},"author":1,"featured_media":0,"parent":0,"menu_order":0,"comment_status":"closed","ping_status":"closed","template":"","meta":{"footnotes":""},"jetpack_sharing_enabled":true,"_links":{"self":[{"href":"https:\/\/aspeam.fr\/index.php\/wp-json\/wp\/v2\/pages\/16"}],"collection":[{"href":"https:\/\/aspeam.fr\/index.php\/wp-json\/wp\/v2\/pages"}],"about":[{"href":"https:\/\/aspeam.fr\/index.php\/wp-json\/wp\/v2\/types\/page"}],"author":[{"embeddable":true,"href":"https:\/\/aspeam.fr\/index.php\/wp-json\/wp\/v2\/users\/1"}],"replies":[{"embeddable":true,"href":"https:\/\/aspeam.fr\/index.php\/wp-json\/wp\/v2\/comments?post=16"}],"version-history":[{"count":11,"href":"https:\/\/aspeam.fr\/index.php\/wp-json\/wp\/v2\/pages\/16\/revisions"}],"predecessor-version":[{"id":2452,"href":"https:\/\/aspeam.fr\/index.php\/wp-json\/wp\/v2\/pages\/16\/revisions\/2452"}],"wp:attachment":[{"href":"https:\/\/aspeam.fr\/index.php\/wp-json\/wp\/v2\/media?parent=16"}],"curies":[{"name":"wp","href":"https:\/\/api.w.org\/{rel}","templated":true}]}}